 z be o(-4). Let l(g) = -g**2 + 1. Let q be l(z). Suppose h = 5 - q. What are the prime factors of h?
5
Suppose i - 2*q = 11, 4*q + 3 + 7 = -2*i. Suppose -7 + 4 = -3*w - 3*v, i*v = 2*w - 2. What are the prime factors of -2*((-39)/6)/w?
13
Let q = 20 + 0. What are the prime factors of q?
2, 5
Suppose 5*k - 3*k + 2 = 0, 4*r - 131 = 3*k. List the prime factors of r.
2
Let u be (-1)/(-1 - 50/(-48)). Let b be 6/u + 61/4. Let t = b - 3. List the prime factors of t.
2, 3
Let b = -59 - -103. List the prime factors of b.
2, 11
List the prime factors of 19/2 - 0 - (-12)/(-8).
2
Suppose n - 2*n = 13. Suppose 5*a = a + 88. Let m = a + n. List the prime factors of m.
3
Suppose 2*o = -n - 6, -n + 2*o + 9 = o. Suppose 4*q - n*h = -0*h + 80, -2*h + 68 = 4*q. What are the prime factors of q?
2, 3
Let s = 7 - 4. Suppose -4*i + 5*x = -2 + 23, 0 = -i + s*x - 14. List the prime factors of (-128)/(-12) + i/3.
11
Let v(g) = -g**2 - 4*g - 1. Let l be v(-5). Let z = l - -5. List the prime factors of 7/(z - -4 - 2).
7
Let h = 76 - 38. Let f = -20 + h. List the prime factors of f.
2, 3
Let y be (-2)/((-5)/((-75)/(-6))). Suppose 4*g - 2*j - 3 = y, -g = -5*j - 2. What are the prime factors of g/4*0 + 8?
2
Let d = -25 + 15. Let l = 15 + d. Let s(m) = m**2 - 5. What are the prime factors of s(l)?
2, 5
Let m = 225 - 79. List the prime factors of m.
2, 73
Suppose 151 = 5*g - n - 159, 4*n = 3*g - 186. What are the prime factors of g?
2, 31
Suppose 34 = i + 22. List the prime factors of i.
2, 3
List the prime factors of (-4 + 44/12)*-327.
109
Let d(y) = -y**3 - 19*y**2 + 16*y + 11. List the prime factors of d(-20).
7, 13
Suppose -f - 10 = -0*f. Suppose -3*l - 2*l - 60 = 0. Let r = f - l. List the prime factors of r.
2
Let u(i) = i**3 - i**2. Let k be u(2). Suppose 5*z = 3*q - 70, 0*q + 98 = 5*q + z. Suppose k*c = 44 + q. What are the prime factors of c?
2
Let s = -2 - -4. Suppose s*h - h - 26 = -3*l, 2*l + 2*h - 16 = 0. List the prime factors of l.
3
Suppose -o - 4*q - 20 = -0*o, -q - 5 = 0. Suppose 2*v + 0*v - 50 = o. List the prime factors of v.
5
Suppose 420 = 3*y + y. Let d = 165 - y. Suppose -s + 3*t + d = 2*s, 5*s = -3*t + 84. List the prime factors of s.
2, 3
Suppose 3*a + 3*g = 54, -a + 3*g = 5*g - 13. What are the prime factors of a?
23
Let f(n) = -n**2 + 13*n + 7. Let b(z) = z. Let h be b(10). List the prime factors of f(h).
37
Let r = -29 + 83. Suppose -3*n + n = -r. Suppose -4*d + 0*v + n = -5*v, -2*d + 5*v = -1. List the prime factors of d.
13
Let x be 75/((-9)/3) - 3. Let f = -13 - x. List the prime factors of f.
3, 5
Let m be 2/(-5) + (-282)/(-30). Suppose 0 = 4*z - m*z + 75. List the prime factors of z.
3, 5
Let y = 2 + 0. Suppose 4*p - 80 = y*i, -5*p + p - i + 74 = 0. List the prime factors of p.
19
Let i = -26 + 58. Suppose i = 2*w - 18. List the prime factors of w.
5
Suppose -7*i = -2*i - 10. Suppose 201 = -u - i*h + h, -4*h = -5*u - 996. What are the prime factors of ((-4)/(-10))/((-5)/u)?
2
Suppose 4*x + 4 - 36 = 0. Let c be (-1)/(-2*(-1)/x). Let r(v) = -v**3 - 5*v**2 - 5*v. List the prime factors of r(c).
2
Suppose -p - 2*p - 21 = 0. Let t = -8 + 19. Let h = p + t. List the prime factors of h.
2
Let r(f) = -20*f. Let n be r(-2). Suppose d + 3*d + n = 0. What are the prime factors of (-20)/(-4)*(-16)/d?
2
Let w(k) = 9*k - 49. What are the prime factors of w(25)?
2, 11
Suppose 3*n + 6*x + 23 = x, -4*x = 4*n + 36. Let d = n - -18. List the prime factors of -2 - (1 + 1 - d).
3
Let y = 96 + -47. What are the prime factors of y?
7
Suppose 0*c + c + 3*u - 79 = 0, -2*c + 2*u = -190. Suppose 2*w - 2*i + 81 = 7*w, 3*i + c = 5*w. Suppose w + 4 = f. What are the prime factors of f?
3, 7
Let x(r) = 11*r**2 + r. Suppose j - 6*j + 10 = 0. Suppose 5 = -j*t + 7. What are the prime factors of x(t)?
2, 3
Let c = 163 - 96. List the prime factors of c.
67
Suppose 4251 = 9*t + 948. List the prime factors of t.
367
Suppose 13*m - 12*m = 16. What are the prime factors of m?
2
List the prime factors of (-2412)/(-135) + (-2)/(-15).
2, 3
Suppose -3*t + t = -48. Let m = 41 - t. List the prime factors of m.
17
Suppose 3*o - 160 = x, -2*x = 2*o - 93 - 3. List the prime factors of o.
2, 13
Let p be ((-3)/3)/(1/(-6)). Let a = p + -4. Suppose -f - 6 = -a*f. List the prime factors of f.
2, 3
Let q be (-5 - -3)*(17 + 1). Let z = q + 51. List the prime factors of z.
3, 5
Let g be 0*1/(-4)*-2. Suppose 0 = u - w - 14, u + 4*w - 9 = -g*u. Suppose -n + 5*f - u = 0, f - 3 - 1 = 0. What are the prime factors of n?
7
Let a = -84 + 93. What are the prime factors of a?
3
Let r(y) = 6*y - 6. Let k be r(-5). Let h = k + 54. List the prime factors of h.
2, 3
Let k be 76/3 + (-2)/6. Suppose -1 = 2*p - k. Suppose -4*h + p = -0*h. What are the prime factors of h?
3
Let u = -5 - -5. Let b be -4*(u - (4 + -2)). Suppose 3*p - b - 22 = 0. What are the prime factors of p?
2, 5
Let l = 179 - 90. List the prime factors of l.
89
Suppose 2*p = -r - 9, -2*r - 3*r = p. Let j be r*2/(2/3). Let x = 6 - j. What are the prime factors of x?
3
Suppose 0*g + 3*g = 453. What are the prime factors of g?
151
Let a(f) = -f**2 + 8*f - 8. Let u be a(6). Suppose -u - 26 = 5*t. Let n = t + 10. List the prime factors of n.
2
Let n be (-14)/(-4)*12/3. Suppose 4*l = n + 54. List the prime factors of l.
17
Let w be (1 + 9)*(-1)/2. Let c(q) = -q**2 - 6*q + 6. List the prime factors of c(w).
11
Let p(n) = n**3 + 5*n**2 - 10*n - 8. Let x be p(-6). Let a be (-3)/6 - (-18)/4. Suppose a*t = q + 19, -q + 0*q = 3*t - x. What are the prime factors of t?
5
Let i be 2/(-6)*26*-6. Suppose 48 = 4*d - i. What are the prime factors of d?
5
Suppose 0 = 2*j + 21 + 135. What are the prime factors of (j/(-4))/((-27)/(-36))?
2, 13
Suppose -2*g + 72 = g. Suppose -2*y = a - g, a = y + 4*y - 4. List the prime factors of a.
2
Suppose -c = -5*c - 16. What are the prime factors of 125/7 + c/(-28)?
2, 3
Let z be (-3 + 14/6)*-3. Suppose r - z*d - 7 = 0, 42 = 4*r - 2*r + 3*d. List the prime factors of r.
3, 5
Suppose -2*r + 217 = 4*g - 7*r, -r + 235 = 4*g. List the prime factors of g.
2, 29
Let c(q) = 2*q + 2. Let v be c(-3). List the prime factors of 77/5 - v/(-10).
3, 5
Suppose -5*b = 15, 7*w + 5*b = 8*w - 214. What are the prime factors of w?
199
Suppose -4*t + t = 5*h - 65, 3*t - 2*h = 100. What are the prime factors of t?
2, 3, 5
Let s = 10 - 3. Suppose 0 = s*a - 2*a. Suppose a = 4*d + 4*n - 4 - 0, 0 = d - n - 7. List the prime factors of d.
2
Suppose 5*c - 2*c = 12, -2*w + 3*c = -92. What are the prime factors of w?
2, 13
Suppose 4*i = 2*n + 3*n + 223, -2*i + 95 = 3*n. List the prime factors of i.
2, 13
Suppose 3*w - 6 + 0 = 0. Let t(m) = m**2 - 1. Let o be t(w). Let c = o - -1. What are the prime factors of c?
2
What are the prime factors of (-135)/(1/(-2)*2)?
3, 5
Suppose 4*h + 3*o - 440 = 0, -2*o = -3*h - 4*o + 331. What are the prime factors of h?
113
Let o(j) = -j**2 + 9*j + 5. Let x be o(9). Suppose -5*v = -3*p + 37, 2*p + x*v = p - 21. What are the prime factors of p?
2
Suppose 965 = 5*f + 5*n, -5*f - 4*n = -3*n - 945. What are the prime factors of f?
2, 47
Let h be 10/(-3)*(-45)/(-10). Let n be ((-12)/(-15))/((-6)/h). Suppose -10 = 2*f, c + n*f - f = 7. List the prime factors of c.
2, 3
Let j(n) be the second derivative of 0 - 5/12*n**4 - n + 1/20*n**5 - 1/2*n**2 + 1/3*n**3. What are the prime factors of j(5)?
3
Suppose -62 - 4 = -2*r. List the prime factors of r.
3, 11
Suppose 5*w - 2*w - 2*v - 91 = 0, 2*w = -2*v + 64. List the prime factors of w.
31
Let y = -9 - -9. Suppose -5*w + 20 + 10 = y. List the prime factors of w.
2, 3
Suppose -5*g + 7 = f - 20, -3*f = g - 11. Let r(j) = -2 + 0*j**3 + j**3 + j**2 - 4*j**2 + 2*j**3 + j. List the prime factors of r(f).
2, 3
Suppose -8*l - 22 = -9*l. Suppose l = 2*q - v, 3*q + 2*v + 2*v = 22. List the prime factors of q.
2, 5
Let i = -30 - -58. List the prime factors of i.
2, 7
Let x be (-4)/(-14) + 38/14. What are the prime factors of 17 + (27/x)/3?
2, 5
Let b(u) = u**3 - 2*u**2 - 9*u + 17. List the prime factors of b(5).
47
Suppose -6*j = 147 - 609. What are the prime factors of j?
7, 11
Suppose -2 = -o + 9. Let r(x) = -x**3 + x**2 - x - 8. Let u be r(0). Let b = o + u. What are the prime factors of b?
3
Let w = -13 + 33. What are the prime factors of w?
2, 5
Let z be (-1 - (-3)/2)*64. Suppose z = -4*v 